{"id":2725,"date":"2014-07-21T13:13:11","date_gmt":"2014-07-21T12:13:11","guid":{"rendered":"http:\/\/www.goobie.fr\/?page_id=2725"},"modified":"2014-07-21T13:13:11","modified_gmt":"2014-07-21T12:13:11","slug":"news-2","status":"publish","type":"page","link":"http:\/\/filiera.timbru.com\/?page_id=2725","title":{"rendered":"News"},"content":{"rendered":"<p><span style=\"color: red;\"><b>14\/02\/2014<\/b><\/span>\u00a0:<br \/>\nPr\u00e9sentation du projet TICTACT lors de la pl\u00e9ni\u00e8re du GT Automobile &amp; Transports du p\u00f4le Systematic<br \/>\n<a href=\"http:\/\/www.systematic-paris-region.org\/fr\/evenements\/session-d-emergence-de-projets-du-gt-automobile-transports-14-fevrier-2014\" target=\"_blank\">Plus d&#8217;informations<\/a><\/p>\n<p style=\"text-align: left;\"><span style=\"color: #ff0000;\"><b>03\/01\/2014<\/b><\/span> :<a href=\"\/wp-content\/uploads\/2013\/12\/Voeux-2014.png\"><img loading=\"lazy\" decoding=\"async\" class=\"wp-image-601 alignright\" alt=\"Voeux 2014\" src=\"\/wp-content\/uploads\/2013\/12\/Voeux-2014-300x213.png\" width=\"300\" height=\"213\" \/><\/a><br \/>\nToute l&#8217;\u00e9quipe de GOOBIE vous pr\u00e9sente ses meilleurs v\u0153ux pour 2014<\/p>\n<p><span style=\"color: red;\"><b>29\/08\/2013<\/b><\/span>\u00a0:<br \/>\nRetrouvez GOOBIE au Salon ENOVA du 8 au 10 Oct. 2013<br \/>\nHall 2.7 Paris Expo, Porte de Versailles<br \/>\nEspace Embarqu\u00e9<br \/>\n<a href=\"http:\/\/www.enova-event.com\/\" target=\"_blank\">Plus d&#8217;informations<\/a><\/p>\n<p><span style=\"color: red;\"><b>10\/07\/2013<\/b><\/span>\u00a0:<br \/>\nMoment de d\u00e9tente \u00e0 V\u00e9lizy &#8230;.<br \/>\n<a href=\"\/wp-content\/uploads\/2014\/06\/20-NV-NV-100713.pdf\" target=\"_blank\">Plus d&#8217;informations<\/a><\/p>\n<p><span style=\"color: red;\"><b>03\/04\/2013<\/b><\/span>\u00a0:<br \/>\nDu nouveau \u00e0 lire sur le magazine de la FNAC<br \/>\n<a href=\"\/wp-content\/uploads\/2014\/06\/Journal_FNAC_Mars_2013.pdf\" target=\"_blank\">Plus d&#8217;informations<\/a><\/p>\n<p><span style=\"color: red;\"><b>03\/04\/2013<\/b><\/span>\u00a0:<br \/>\nTELIT a choisi GOOBIE comme centre de comp\u00e9tence EMEA parmi les 8 centres de comp\u00e9tences r\u00e9pertori\u00e9s dans le monde !<br \/>\n<a href=\"\/wp-content\/uploads\/2014\/06\/TELIT_GOOBIE.pdf\" target=\"_blank\">Plus d&#8217;informations<\/a><\/p>\n<p><span style=\"color: red;\"><b>19\/03\/2013<\/b><\/span>\u00a0:<br \/>\nAfin d\u2019accompagner notre forte croissance, GOOBIE recherche en permanence des comp\u00e9tences en Hardware et Software embarqu\u00e9. Plusieurs postes en CDI sont \u00e0 pourvoir. Si cela vous int\u00e9resse, merci de nous contacter.<\/p>\n<p><span style=\"color: red;\"><b>08\/02\/2013<\/b><\/span>\u00a0:<br \/>\nHapifork, la fourchette intelligente chez Mac Lesggy dans son \u00e9mission E=M6.<br \/>\n<a href=\"\/wp-content\/uploads\/2014\/06\/article_E_M6.jpg\" target=\"_blank\">Plus d&#8217;informations<\/a><\/p>\n<p><span style=\"color: red;\"><b>09\/01\/2013<\/b><\/span>\u00a0:<br \/>\nHAPIFork : la fourchette intelligente pour apprendre \u00e0 mieux manger, made by GOOBIE !<br \/>\n<a href=\"http:\/\/dailygeekshow.com\/2013\/01\/08\/hapifork-la-fourchette-intelligente-pour-apprendre-a-mieux-manger\/?utm_source=newsletter&amp;utm_medium=e-mail&amp;utm_campaign=Newsletter2013-01-09\" target=\"_blank\">Plus d&#8217;informations<\/a><\/p>\n<p><span style=\"color: red;\"><b>20\/12\/2012<\/b><\/span>\u00a0:<br \/>\nArticle paru dans Capital en D\u00e9cembre 2012 &#8211; La derni\u00e8re tendance des tablettes<br \/>\n<a href=\"\/wp-content\/uploads\/2014\/06\/Article_Capital_Decembre_2012.pdf\" target=\"_blank\">Plus d&#8217;informations<\/a><\/p>\n<p><span style=\"color: red;\"><b>12\/12\/2012<\/b><\/span>\u00a0:<br \/>\n&#8220;Produire en France, c&#8217;est possible&#8221; article ElectoniqueS de d\u00e9cembre 2012<br \/>\n<a href=\"\/wp-content\/uploads\/2014\/06\/ARTICLE-ELECTRONIQUES-DECEMBRE-2012.pdf\" target=\"_blank\">Plus d&#8217;informations<\/a><\/p>\n<p><span style=\"color: red;\"><b>15\/11\/2012<\/b><\/span>\u00a0:<br \/>\nGOOBIE est heureux de vous annoncer la naissance de l&#8217;Happy Fork !<br \/>\n<a href=\"http:\/\/hapilabs.com\/products-hapifork.asp\" target=\"_blank\">Plus d&#8217;informations<\/a><\/p>\n<p><span style=\"color: red;\"><b>08\/11\/2012<\/b><\/span>\u00a0:<br \/>\nA la recherche du &#8216;Made in France&#8217; : deux nouveaux projets pour GOOBIE<br \/>\n<a href=\"\/wp-content\/uploads\/2014\/06\/article_made_in_france.pdf\" target=\"_blank\">Plus d&#8217;informations<\/a><\/p>\n<p><span style=\"color: red;\"><b>10\/02\/2012<\/b><\/span>\u00a0:<br \/>\nTicTACT<br \/>\n<a href=\"\/wp-content\/uploads\/2014\/06\/TICTACT_Book2011.pdf\" target=\"_blank\">Plus d&#8217;informations<\/a><\/p>\n<p><span style=\"color: red;\"><b>01\/01\/2012<\/b><\/span>\u00a0:<br \/>\nToute l&#8217;\u00e9quipe de GOOBIE vous souhaite une bonne ann\u00e9e 2012.<\/p>\n<p><span style=\"color: red;\"><b>07\/08\/2011<\/b><\/span>\u00a0:<br \/>\nGoobie pense un produit de sa conception jusqu&#8217;\u00e0 son industrialisation<br \/>\nArticle dans la revue ELECTRONIQUES n\u00b018<br \/>\n<a href=\"\/wp-content\/uploads\/2014\/06\/Article_ELECTRONIQUES_Juillet_2011.pdf\" target=\"_blank\">Plus d&#8217;informations<\/a><\/p>\n<p><span style=\"color: red;\"><b>27\/06\/2011<\/b><\/span>\u00a0:<br \/>\nParticipation de GOOBIE au forum GeneSICs2 qui s\u2019est tenu le 16 juin dernier \u00e0 l\u2019IUT \u2013 ISTY \u00e0 V\u00e9lizy-Villacoublay<br \/>\n<a href=\"\/wp-content\/uploads\/2014\/06\/Article_ELECTRONIQUES_Juillet_2011.pdf\" target=\"_blank\">Plus d&#8217;informations<\/a><\/p>\n<p><span style=\"color: red;\"><b>21\/04\/2011<\/b><\/span>\u00a0:<br \/>\nGOOBIE lance TestFarm, une suite logicielle permettant de tester une application logicielle de fa\u00e7on non intrusive au travers de ses interfaces mat\u00e9rielles.<br \/>\nVoir article dans VIPress.net du 24\/11\/2010<br \/>\n<a href=\"http:\/\/vipress.europelectronics.net\/?id=tftkahakaffrpk\" target=\"_blank\">Plus d&#8217;informations<\/a><\/p>\n<p><span style=\"color: red;\"><b>01\/04\/2011<\/b><\/span>\u00a0:<br \/>\nGOOBIE sera pr\u00e9sent au Salon CIEN (Carrefour de l&#8217;Industrie Electronique et Num\u00e9rique)du 24 au 26 Mai 2011 &#8211; Paris Expo Porte de Versailles<br \/>\nRejoignez nous !<br \/>\nArticle dans CiEN Mag num\u00e9ro 2 d&#8217;Avril 2011<br \/>\n<a href=\"\/wp-content\/uploads\/2014\/06\/CiEN_Mag_numero_2.pdf\" target=\"_blank\">Plus d&#8217;informations<\/a><\/p>\n<p><span style=\"color: red;\"><b>25\/03\/2011<\/b><\/span>\u00a0:<br \/>\nRetrouvez GOOBIE du 24 au 26 Mai 2011<br \/>\nSalon Cien &#8211; Le carrefour de l&#8217;Industrie \u00c9lectronique et Num\u00e9rique<br \/>\nParis Porte de Versailles<br \/>\n<a href=\"http:\/\/www.cien-expo.com\/\" target=\"_blank\">Plus d&#8217;informations<\/a><\/p>\n<p><span style=\"color: red;\"><b>06\/01\/2011<\/b><\/span>\u00a0:<br \/>\nGOOBIE est \u00e0 nouveau \u00e0 l&#8217;honneur pour la restrospective 2010 !!!!<br \/>\nA lire dans Europelectronics du 6 janvier 2011 | 22 jeunes pousses pour une ann\u00e9e riche en innovations<br \/>\n<a href=\"http:\/\/vipress.europelectronics.net\/?id=acabnfzv0601cgmt\" target=\"_blank\">Plus d&#8217;informations<\/a><\/p>\n<p><span style=\"color: red;\"><b>01\/10\/2010<\/b><\/span>\u00a0:<br \/>\nEt si GOOBIE \u00e9tait l&#8217;entreprise de l&#8217;ann\u00e9e 2010 ?<br \/>\n<a href=\"\/wp-content\/uploads\/2014\/06\/Lentreprise_Oct_2010.pdf\" target=\"_blank\">Plus d&#8217;informations<\/a><\/p>\n<p><span style=\"color: red;\"><b>16\/09\/2010<\/b><\/span>\u00a0:<br \/>\nVu dans VIPResse : L\u2019accompagnement en production, atout-ma\u00eetre du bureau d\u2019\u00e9tudes GOOBIE<br \/>\n<a href=\"\/wp-content\/uploads\/2014\/06\/VIPress_GOOBIE.pdf\" target=\"_blank\">Plus d&#8217;informations<\/a><\/p>\n<p><span style=\"color: red;\"><b>15\/07\/2010<\/b><\/span>\u00a0:<br \/>\nVu dans Industrie &amp; Technologies : Donnez la parole \u00e0 vos produits (objets communicants)<br \/>\n<a href=\"\/wp-content\/uploads\/2014\/06\/IT_experiences.pdf\" target=\"_blank\">Plus d&#8217;informations<\/a><\/p>\n<p><span style=\"color: red;\"><b>17\/06\/2010<\/b><\/span>\u00a0:<br \/>\nVu dans les Echos de Velizy de Juin 2010 : Club PME Vel&#8217;EASY anim\u00e9 par GOOBIE<br \/>\nPlus d&#8217;infos : contacter goobie.sales@goobie.fr<br \/>\n<a href=\"\/wp-content\/uploads\/2014\/06\/club_pme_veleasy.pdf\" target=\"_blank\">Plus d&#8217;informations<\/a><\/p>\n<p><span style=\"color: red;\"><b>09\/12\/2009<\/b><\/span>\u00a0:<br \/>\nParticipation de GOOBIE \u00e0 la 24\u00e8me session &#8211; Applications de G\u00e9olocalisation pour appareils nomades. Cette initiative est soutenue par le centre francilien de l&#8217;innovation.<\/p>\n<p><span style=\"color: red;\"><b>19\/11\/2009<\/b><\/span>\u00a0:<br \/>\nLancement du CLUB PME de la zone de V\u00e9lizy \u00e0 l&#8217;initiative de la mairie, CGPME78 et GOOBIE.<br \/>\nCe club a pour but de favoriser les relations destin\u00e9es au d\u00e9veloppement commercial.<br \/>\nIl permet aux d\u00e9cideurs des entreprises de V\u00e9lizy-Villacoublay de trouver un lieu d\u2019\u00e9changes et de conseils sur leurs probl\u00e9matiques actuelles ou futures.<br \/>\n<a href=\"http:\/\/www.yvelinesradio.com\/infos_all\/affichage_all_01_489716576612_1129.html\" target=\"_blank\">Plus d&#8217;informations<\/a><\/p>\n<p><span style=\"color: red;\"><b>02\/11\/2009<\/b><\/span>\u00a0:<br \/>\nVu dans l&#8217;Electronique International : &#8220;Le sextuple play est maintenant \u00e0 la port\u00e9e du grand public&#8221;. GOOBIE a particip\u00e9 au d\u00e9veloppement et \u00e0 l&#8217;industrialisation d&#8217;une nouvelle gamme de produits domotiques.<br \/>\n<a href=\"\/wp-content\/uploads\/2014\/06\/article_zodianet_29-10-09.pdf\" target=\"_blank\">Plus d&#8217;informations<\/a><\/p>\n<p><span style=\"color: red;\"><b>23\/10\/2009<\/b><\/span>\u00a0:<br \/>\nGOOBIE a particip\u00e9 au Forum DESIGN with FREESCALE en OCtobre \u00e0 PAris. UNe occasion depr\u00e9senter son design Freescale MPC8313 Power Quicc II.<\/p>\n<p><span style=\"color: red;\"><b>21\/10\/2009<\/b><\/span>\u00a0:<br \/>\nGOOBIE a obtenu la certification ISO 9001 V2008 par l&#8217;AFAQ en Octobre 2009<br \/>\n<a href=\"\/wp-content\/uploads\/2014\/06\/certificat_afaq.pdf\" target=\"_blank\">Plus d&#8217;informations<\/a><\/p>\n<p><span style=\"color: red;\"><b>05\/10\/2009<\/b><\/span>\u00a0:<br \/>\nGOOBIE a particip\u00e9 au d\u00e9veloppement d&#8217;une nouvelle g\u00e9n\u00e9ration de syst\u00e8me de soin par cryog\u00e9nie pour Cryonic M\u00e9dical. Le produit Cryolab a \u00e9t\u00e9 pr\u00e9sent\u00e9 au salon R\u00e9\u00e9duca du 2 au 4 Oct. 2009<br \/>\n<a href=\"\/wp-content\/uploads\/2014\/06\/plaquette_Cryolab.pdf\" target=\"_blank\">Plus d&#8217;informations<\/a><\/p>\n<p><span style=\"color: red;\"><b>15\/06\/2009<\/b><\/span>\u00a0:<br \/>\nVu dans l&#8217;Electronique International de Juin 2009 : &#8220;En France, le Wimax vise aussi le tr\u00e8s grand public&#8221;<br \/>\n<a href=\"\/wp-content\/uploads\/2014\/06\/presse_cpe_wimax.pdf\" target=\"_blank\">Plus d&#8217;informations<\/a><\/p>\n<p><span style=\"color: red;\"><b>15\/06\/2009<\/b><\/span>\u00a0:<br \/>\nVu dans l&#8221;Electronique International de Juin 09 : &#8220;Un mini Emetteur FM sur une cl\u00e9 USB&#8221;<br \/>\n<a href=\"\/wp-content\/uploads\/2014\/06\/presse_cpe_wimax.pdf\" target=\"_blank\">Plus d&#8217;informations<\/a><\/p>\n<p><span style=\"color: red;\"><b>29\/05\/2009<\/b><\/span>\u00a0:<br \/>\nPr\u00e9sentation du CPE WiMAX d\u00e9velopp\u00e9 par GOOBIE sur le salon du Wimax \u00e0 AMSTERDAM semaine 23<br \/>\n<a href=\"http:\/\/www.maki4g.com\/\" target=\"_blank\">Plus d&#8217;informations<\/a><\/p>\n<p><span style=\"color: red;\"><b>20\/05\/2009<\/b><\/span>\u00a0:<br \/>\nCertification ISO 9001 V2008 en cours, pr\u00e9vue Q4 2009<\/p>\n<p><span style=\"color: red;\"><b>01\/04\/2009<\/b><\/span>\u00a0:<br \/>\nArticle du &#8220;Chasseur d&#8217;images&#8221; : PHOTOGPS, GPS instantan\u00e9 &#8211; Retrouvez l&#8217;endroit exact o\u00f9 l&#8217;on a pris ses photos<br \/>\n<a href=\"\/wp-content\/uploads\/2014\/06\/20090511130302990.pdf\" target=\"_blank\">Plus d&#8217;informations<\/a><\/p>\n<p><span style=\"color: red;\"><b>06\/03\/2009<\/b><\/span>\u00a0:<br \/>\nComparatif produit de g\u00e9olocalisation dans la revue UK Digital Photographer.<br \/>\nEssai transform\u00e9 car notre produit a obtenu la note d&#8217;excellence : 10\/10 !<br \/>\n<a href=\"\/wp-content\/uploads\/2014\/06\/digital_photographer.pdf\" target=\"_blank\">Plus d&#8217;informations<\/a><\/p>\n<p><span style=\"color: red;\"><b>01\/03\/2009<\/b><\/span>\u00a0:<br \/>\nVu dans le journal &#8220;Le Photographe&#8221; &#8211; La g\u00e9olocalisation instantan\u00e9e<br \/>\n<a href=\"\/wp-content\/uploads\/2014\/06\/photogps_article_le_photographe.pdf\" target=\"_blank\">Plus d&#8217;informations<\/a><\/p>\n<p><span style=\"color: red;\"><b>17\/02\/2009<\/b><\/span>\u00a0:<br \/>\nVu dans la presse UK : Digital Photography Feature &#8211; Geotagging<br \/>\n<a href=\"http:\/\/www.trustedreviews.com\/digital-cameras\/review\/2009\/02\/17\/Digital-Photography-Feature---Geotagging\/p4\" target=\"_blank\">Plus d&#8217;informations<\/a><\/p>\n<p><span style=\"color: red;\"><b>12\/02\/2009<\/b><\/span>\u00a0:<br \/>\nGOOBIE pr\u00e9sent sur le salon TECHINNOV d&#8217;ORLY pour une rencontre technologique.<br \/>\n<a href=\"http:\/\/www.techinnov-orly.com\/\" target=\"_blank\">Plus d&#8217;informations<\/a><\/p>\n<p><span style=\"color: red;\"><b>15\/01\/2009<\/b><\/span>\u00a0:<br \/>\nLe produit de g\u00e9olocalisation PhotoGPS de GOOBIE est couronn\u00e9 du 1er prix d&#8217;innovation &#8220;Marketing et Innovations 2008\/2009&#8221; d\u00e9cern\u00e9 par les professionnels du monde de la photographie.<br \/>\n<a href=\"\/wp-content\/uploads\/2014\/06\/JOBO_photoGPS_-FOWI_Innovationspreis.pdf\" target=\"_blank\">Plus d&#8217;informations<\/a><\/p>\n<p><span style=\"color: red;\"><b>02\/10\/2008<\/b><\/span>\u00a0:<br \/>\nGOOBIE pr\u00e9sente sa technologie de g\u00e9olocalisation dans le journal &#8220;Electronique International&#8221;.<br \/>\n<a href=\"\/wp-content\/uploads\/2014\/06\/presse_photogps.pdf\" target=\"_blank\">Plus d&#8217;informations<\/a><\/p>\n<p><span style=\"color: red;\"><b>24\/09\/2008<\/b><\/span>\u00a0:<br \/>\nGOOBIE sur le salon PHOTOKINA de Cologne pour pr\u00e9senter sa technologie de g\u00e9olocalisation et son nouveau produit PhotoGPS.<br \/>\n<a href=\"http:\/\/www.photokina-cologne.com\/\" target=\"_blank\">Plus d&#8217;informations<\/a><\/p>\n<p><span style=\"color: red;\"><b>22\/09\/2008<\/b><\/span>\u00a0:<br \/>\nGOOBIE rejoint le p\u00f4le System@tics Paris R\u00e9gion, en particulier le Groupe Th\u00e9matique T\u00e9l\u00e9com.<br \/>\n<a href=\"http:\/\/www.systematic-paris-region.org\/\" target=\"_blank\">Plus d&#8217;informations<\/a><\/p>\n<p>&nbsp;<\/p>\n<nav class=\"site-navigation post-navigation\" id=\"nav-below\" role=\"navigation\">\n<p style=\"border-bottom: 1px solid #EEEEEE;\">\n<h1 class=\"assistive-text\">Post navigation<\/h1>\n<div class=\"single-nav-wrapper\">\n<div class=\"nav-previous\"><a href=\"..\/recherche-et-developpement\/\" rel=\"prev\"><span class=\"meta-nav\">\u2190<\/span> R&amp;D<\/a><\/div>\n<div class=\"nav-next\"><a href=\"..\/contacts\/\" rel=\"next\">Contacts <span class=\"meta-nav\">\u2192<\/span><\/a><\/div>\n<\/div>\n<\/nav>\n","protected":false},"excerpt":{"rendered":"<p>14\/02\/2014\u00a0: Pr\u00e9sentation du projet TICTACT lors de la pl\u00e9ni\u00e8re du GT Automobile &amp; Transports du p\u00f4le Systematic Plus d&#8217;informations 03\/01\/2014 : Toute l&#8217;\u00e9quipe de GOOBIE vous pr\u00e9sente ses meilleurs v\u0153ux pour 2014 29\/08\/2013\u00a0: Retrouvez GOOBIE au Salon ENOVA du 8 au 10 Oct. 2013 Hall 2.7 Paris Expo, Porte de Versailles Espace Embarqu\u00e9 Plus d&#8217;informations &hellip; <a href=\"http:\/\/filiera.timbru.com\/?page_id=2725\" class=\"more-link\">Continue reading <span class=\"screen-reader-text\">News<\/span> <span class=\"meta-nav\">&rarr;<\/span><\/a><\/p>\n","protected":false},"author":2,"featured_media":0,"parent":0,"menu_order":4,"comment_status":"closed","ping_status":"closed","template":"","meta":{"footnotes":""},"class_list":["post-2725","page","type-page","status-publish","hentry"],"_links":{"self":[{"href":"http:\/\/filiera.timbru.com\/index.php?rest_route=\/wp\/v2\/pages\/2725","targetHints":{"allow":["GET"]}}],"collection":[{"href":"http:\/\/filiera.timbru.com\/index.php?rest_route=\/wp\/v2\/pages"}],"about":[{"href":"http:\/\/filiera.timbru.com\/index.php?rest_route=\/wp\/v2\/types\/page"}],"author":[{"embeddable":true,"href":"http:\/\/filiera.timbru.com\/index.php?rest_route=\/wp\/v2\/users\/2"}],"replies":[{"embeddable":true,"href":"http:\/\/filiera.timbru.com\/index.php?rest_route=%2Fwp%2Fv2%2Fcomments&post=2725"}],"version-history":[{"count":0,"href":"http:\/\/filiera.timbru.com\/index.php?rest_route=\/wp\/v2\/pages\/2725\/revisions"}],"wp:attachment":[{"href":"http:\/\/filiera.timbru.com\/index.php?rest_route=%2Fwp%2Fv2%2Fmedia&parent=2725"}],"curies":[{"name":"wp","href":"https:\/\/api.w.org\/{rel}","templated":true}]}}