{"id":2684,"date":"2014-07-21T12:14:49","date_gmt":"2014-07-21T11:14:49","guid":{"rendered":"http:\/\/www.goobie.fr\/?page_id=2684"},"modified":"2014-07-21T12:14:49","modified_gmt":"2014-07-21T11:14:49","slug":"offer","status":"publish","type":"page","link":"http:\/\/filiera.timbru.com\/?page_id=2684","title":{"rendered":"Offer"},"content":{"rendered":"<p><span style=\"color: #ff0000;\"><strong>GOOBIE<\/strong> <\/span>propose une <strong>Offre Globale<\/strong>\u00a0de Services pour le d\u00e9veloppement de solutions et produits \u00e9lectroniques destin\u00e9s au march\u00e9 professionnel et grand public : de l\u2019\u00e9tude \u00e0 la production en s\u00e9rie.<\/p>\n<h2>Mission<\/h2>\n<ul>\n<li>Convertir la technologie en produit &#8230;. \u00e0 co\u00fbt objectif<\/li>\n<li>Permettre \u00e0 nos clients de se concentrer sur leur \u00ab\u00a0core-business\u00a0\u00bb et d&#8217;\u00eatre pr\u00e9sents sur leurs march\u00e9s au\u00a0plus vite<\/li>\n<li>Ma\u00eetriser l&#8217;innovation (&#8220;ref. design&#8221;)<\/li>\n<li>Favoriser une approche industrielle<\/li>\n<li>Diminuer le risque entre l\u2019\u00e9tude\u00a0 (prototypes) et la production en s\u00e9rie : phase critique d\u2019industrialisation<\/li>\n<\/ul>\n<h2>Engagement<\/h2>\n<p>Notre engagement est global et forfaitaire\u00a0:<\/p>\n<ul>\n<li>Fourniture d&#8217;une\u00a0prestation compl\u00e8te (\u00e9tudes, prototypages, essais, certification, industrialisation, &#8230;)<\/li>\n<li>Maitrise d\u2019un r\u00e9seau de partenaires technologiques et industriels<\/li>\n<li>Responsabilit\u00e9 unique<\/li>\n<\/ul>\n<h2>Strat\u00e9gie<\/h2>\n<ul>\n<li>Privil\u00e9gier une approche innovante dans les domaines high-tech \u00e0 forte valeur ajout\u00e9e<\/li>\n<li>Proposer une <strong>Offre Globale<\/strong> : de l&#8217;\u00e9tude \u00e0 la production en s\u00e9rie<\/li>\n<li>Engagement forfaitaire d\u00e8s le d\u00e9but du projet<\/li>\n<li>Approche \u00e0 co\u00fbt objectif<\/li>\n<li>Entretenir un r\u00e9seau de partenaires technologiques, industriels et universitaires<\/li>\n<li>R&amp;D par le biais d\u2019actions collaboratives avec d\u2019autres entreprises (projets d\u2019innovation)<\/li>\n<\/ul>\n<h2>Positionnement<\/h2>\n<p style=\"text-align: center;\"><a href=\"\/wp-content\/uploads\/2013\/12\/Positionnement.png\"><img loading=\"lazy\" decoding=\"async\" class=\"size-full wp-image-797 aligncenter\" alt=\"Positionnement\" src=\"\/wp-content\/uploads\/2013\/12\/Positionnement.png\" width=\"834\" height=\"350\" \/><\/a><\/p>\n<p>&nbsp;<\/p>\n<nav class=\"site-navigation post-navigation\" id=\"nav-below\" role=\"navigation\">\n<p style=\"border-bottom: 1px solid #EEEEEE;\">\n<h1 class=\"assistive-text\">Post navigation<\/h1>\n<div class=\"single-nav-wrapper\">\n<div class=\"nav-previous\"><a href=\"\/savoir-faire\/\" rel=\"prev\"><span class=\"meta-nav\">\u2190<\/span> Savoir faire<\/a><\/div>\n<div class=\"nav-next\"><a href=\"\/?page_id=35\" rel=\"next\">Valeurs <span class=\"meta-nav\">\u2192<\/span><\/a><\/div>\n<\/div>\n<\/nav>\n","protected":false},"excerpt":{"rendered":"<p>GOOBIE propose une Offre Globale\u00a0de Services pour le d\u00e9veloppement de solutions et produits \u00e9lectroniques destin\u00e9s au march\u00e9 professionnel et grand public : de l\u2019\u00e9tude \u00e0 la production en s\u00e9rie. Mission Convertir la technologie en produit &#8230;. \u00e0 co\u00fbt objectif Permettre \u00e0 nos clients de se concentrer sur leur \u00ab\u00a0core-business\u00a0\u00bb et d&#8217;\u00eatre pr\u00e9sents sur leurs march\u00e9s &hellip; <a href=\"http:\/\/filiera.timbru.com\/?page_id=2684\" class=\"more-link\">Continue reading <span class=\"screen-reader-text\">Offer<\/span> <span class=\"meta-nav\">&rarr;<\/span><\/a><\/p>\n","protected":false},"author":2,"featured_media":0,"parent":2676,"menu_order":2,"comment_status":"closed","ping_status":"closed","template":"","meta":{"footnotes":""},"class_list":["post-2684","page","type-page","status-publish","hentry"],"_links":{"self":[{"href":"http:\/\/filiera.timbru.com\/index.php?rest_route=\/wp\/v2\/pages\/2684","targetHints":{"allow":["GET"]}}],"collection":[{"href":"http:\/\/filiera.timbru.com\/index.php?rest_route=\/wp\/v2\/pages"}],"about":[{"href":"http:\/\/filiera.timbru.com\/index.php?rest_route=\/wp\/v2\/types\/page"}],"author":[{"embeddable":true,"href":"http:\/\/filiera.timbru.com\/index.php?rest_route=\/wp\/v2\/users\/2"}],"replies":[{"embeddable":true,"href":"http:\/\/filiera.timbru.com\/index.php?rest_route=%2Fwp%2Fv2%2Fcomments&post=2684"}],"version-history":[{"count":0,"href":"http:\/\/filiera.timbru.com\/index.php?rest_route=\/wp\/v2\/pages\/2684\/revisions"}],"up":[{"embeddable":true,"href":"http:\/\/filiera.timbru.com\/index.php?rest_route=\/wp\/v2\/pages\/2676"}],"wp:attachment":[{"href":"http:\/\/filiera.timbru.com\/index.php?rest_route=%2Fwp%2Fv2%2Fmedia&parent=2684"}],"curies":[{"name":"wp","href":"https:\/\/api.w.org\/{rel}","templated":true}]}}